1)?
2
Let i be -4 + (-45)/(-10) - (-218)/4. Suppose 0 = i*c - 52*c - 420. What is the tens digit of c?
4
Let w = 122 - 8. Let r be 5*114/120 + 2/8. Suppose -r*i + 3*i - 2*n = -52, -5*i + 3*n = -w. What is the tens digit of i?
2
Let b(l) be the second derivative of -l**3 - 9*l**2/2 - l. Let p be b(-6). Suppose v - p = 19. What is the units digit of v?
6
Let o = 857 + -290. What is the units digit of o?
7
Let y(b) = 5*b**2 - 7*b - 8. Let z be y(8). Suppose -p - 2 = -0, -z = 5*j + 3*p. What is the units digit of (-4)/10 - 170/j?
3
What is the hundreds digit of -8 - (-80997)/24 - 4/(-32)?
3
Let f = -9 + -2. Let x(w) = w + 12. Let g be x(f). What is the units digit of (2 - g)/(4/108)?
7
Let v(m) = -27*m - 2. Let c be v(-1). Suppose 2*h - 98 = -5*r, -4*h = -r + h + c. Suppose r + 3 = l. What is the tens digit of l?
2
Suppose -5*z + 4*j + 6 = -0*z, -z + 4 = 2*j. What is the units digit of -1*(6 + -5)/(z/(-8))?
4
What is the hundreds digit of (-1830)/(-4) - (-81)/54?
4
Let j(d) = 146*d**2 - 21*d - 49. What is the thousands digit of j(-4)?
2
Suppose -395 = 9*t - 10*t. What is the hundreds digit of t?
3
Let p = -1 - 0. What is the units digit of 38*p/(-2) + -1?
8
Let x(g) = g**3 + 4*g**2 - 7*g + 5. Let a be x(5). Suppose 0 = -4*d - 41 - a. What is the units digit of 1 + 0 - (d + -1)?
1
Let u(l) = 2*l + 11. Let p(y) = 4*y - 5 - 6 - 2 + 5. Let g be p(4). What is the units digit of u(g)?
7
Let p be 6/(-15) - (-16)/(-10). Let s be (2 + -2 - 0) + p. What is the units digit of ((-3)/(s + -1))/1?
1
Suppose -2*z = 3*g - 2*g + 166, 0 = -2*g + z - 322. Let h = g - -230. What is the units digit of h?
8
Let d(v) = 52*v**2 + v - 6. Let l be d(3). Suppose -9*s = -l - 696. What is the units digit of s?
9
Let f = -12 + -134. Let w = f - -204. Suppose -4*i = -2*i - w. What is the tens digit of i?
2
Let z(o) = o**3 - 4*o**2 - 11*o. Let h be z(9). Let q = 551 - h. What is the units digit of q?
5
Let d(f) = 359*f + 1229. What is the units digit of d(7)?
2
Let d = -19 - -23. Let p(f) = -f**3 + 9*f**2 - 6*f + 4. What is the tens digit of p(d)?
6
Let n(y) = y**3 + 4*y**2 + 5*y + 3. Let q be n(-3). What is the hundreds digit of q/(-18)*-2 - 4895/(-33)?
1
Let r(d) = 15*d - 1. Let y = 4 - 0. Let k be r(y). Suppose k = 4*t - 21. What is the tens digit of t?
2
Let k(i) be the second derivative of i**4/3 + 4*i**3/3 + 2*i**2 - 11*i. What is the tens digit of k(-5)?
6
Suppose 2*j + 106 = -5*a, 2*a + 4*j = 6*a + 96. What is the hundreds digit of (a/99 + 47/9)*29?
1
Let q(c) = -2*c**2 - c - 1. Let n be q(-1). Let x be -2 - n - (-3 - -1). Suppose 2*v - 30 = 2*u, x*v + 0*u - 45 = -3*u. What is the tens digit of v?
1
Let k = 6101 - 3175. What is the hundreds digit of k?
9
Let m(p) = 5*p**2 + 3*p + 7. Let g be m(6). What is the units digit of (g/15 - 0)/((-1)/(-6))?
2
Suppose -k = 4, -4*g + k + 8 = 5*k. Suppose -a + 147 = g*a. What is the tens digit of a?
2
Suppose -90*b - 47880 = -118*b. What is the hundreds digit of b?
7
Let o(f) = -f - 11. Let w be o(-18). Suppose -267 - 566 = -w*g. What is the hundreds digit of g?
1
Let i = 16 + -6. Suppose 0 = -2*s - i, s - 467 = -3*b - s. What is the hundreds digit of b?
1
Suppose -3*j + j = 0. Suppose j = -3*x + 2*x + 5. Suppose 0*o + 5*o = -4*n + 90, -x*o = -3*n - 125. What is the units digit of o?
2
Suppose -44*d = -37*d - 5810. What is the tens digit of d?
3
Suppose 5*w - 4662 = -v, -5*w = -3*w + 4*v - 1854. What is the tens digit of w?
3
Let r(h) = h**3 + 8*h**2 + 4*h + 17. Let q be r(-8). What is the tens digit of (-2622)/q + (-1)/(-5)?
7
Let l = -37 + 60. Let z = l - 18. What is the units digit of z?
5
Let n be (-26)/(-12) - 1/6. Suppose -5*s = 4*z - 12, -5*z + n + 4 = 4*s. What is the units digit of ((-1)/(-1))/(z/(-76))?
8
Suppose 0*v - 732 = -3*v. Let q = v - 36. What is the hundreds digit of q?
2
Let v = 99 - -679. What is the tens digit of v?
7
Suppose 10*k = -14*k + 19824. What is the units digit of k?
6
Suppose 0*f + 7*f = 56. What is the tens digit of (-4)/f - (-849)/6?
4
Let o = -1230 + 3240. What is the tens digit of o?
1
Suppose -21 = 5*f - 2*f. Let u(y) = 5*y**2 + 28*y + 51. Let l(x) = -x**2 - 5*x - 10. Let d(r) = -11*l(r) - 2*u(r). What is the units digit of d(f)?
4
What is the tens digit of (-2*(-1)/6)/((-93)/(-70587))?
5
Let k(h) = 2*h**2 - h + 2. Let f be k(-3). Suppose -4*n + 2*n = 28. Let d = f + n. What is the units digit of d?
9
Let c be ((-1)/2)/((-2)/20). Let h(q) = 9*q - 8*q**2 + q**2 + 8*q**2 - 2*q**2 + 3*q. What is the units digit of h(c)?
5
Let t(d) = 2*d**3 + 50*d**2 + 24*d + 172. What is the hundreds digit of t(-24)?
7
Let v = -88 + 44. Let l = -25 - v. What is the tens digit of l?
1
Suppose -6*h - 402 = -9*h. Let g = -34 + h. What is the hundreds digit of g?
1
Suppose 348 = 10*o - 12*o. What is the units digit of o/9*45/(-10)?
7
Let t(n) = -12*n**3 + n**2 + 11*n + 73. What is the thousands digit of t(-5)?
1
Suppose 0 = -2*u + u - 3*t + 422, t = -1. What is the units digit of u?
5
Let x(g) = -g**3 + g**2 - g - 3. Let p(y) = y**3 - y**2 + y + 4. Let o(j) = -3*p(j) - 4*x(j). Let z be o(0). Let b = 5 + z. What is the units digit of b?
5
Let v = 3 + -3. Suppose t + 4*z = 109, v = z + 7 - 3. What is the tens digit of t?
2
Suppose -34 + 2 = -4*o. Let i = 33 + o. What is the units digit of i?
1
Suppose -3 - 1 = -4*g. Let j = 1 + g. Suppose 2*c - 24 = j*i + 2, 2*c - 20 = 4*i. What is the tens digit of c?
1
Suppose 0 = -5*w + 365 + 1900. What is the units digit of w?
3
Let v = 9 + -4. Suppose -3*i + 2*i + 5 = -3*n, -v*n = -i + 5. What is the units digit of n + (-2 - -2) + 4?
4
Let z(x) = 17*x - 3. Let n(w) = -154*w + 28. Let a(p) = -4*n(p) - 35*z(p). What is the tens digit of a(5)?
9
Let w be -3 - 2*(-1)/2*3. Suppose 2*s + t = 560, t + 283 = -w*s + s. What is the tens digit of s?
8
Let b = 83 + -47. Let c(f) = -9*f**2 - 9*f - 10. Let k be c(-1). Let i = k + b. What is the tens digit of i?
2
What is the hundreds digit of -5 + -1 + 1 - -368?
3
Let h be (-4)/6 + 895/(-3). Let q = h - -487. What is the units digit of q?
8
Suppose -73*g - 3564 = -3*r - 70*g, -g = -3. What is the hundreds digit of r?
1
Suppose -8*i = 16*i - 9576. What is the units digit of i?
9
Suppose 0 = -4*n + 3*i + 35, 5*i = -3*n + 14 + 34. Let j = 60 - n. What is the tens digit of j?
4
Let h(w) = w**3 - 9*w**2 + 5*w + 30. What is the units digit of h(10)?
0
Let v(s) = 18*s - 13. Let u(o) = 4*o - 42. Let q be u(12). What is the tens digit of v(q)?
9
Let r(a) = a**2 - 18*a + 88. What is the tens digit of r(6)?
1
What is the thousands digit of ((123/(-12))/(-1))/((-2)/(-424))?
2
Let i = -526 - -1181. What is the hundreds digit of i?
6
Let g = 41 - 42. What is the units digit of ((-6)/(-8)*-11)/(g/20)?
5
Let m(p) = -1059*p - 39. What is the hundreds digit of m(-2)?
0
Suppose y + 30 = 6*y. Suppose 5 + y = d. Suppose 3*b + i = 8 + d, 3*i = 12. What is the units digit of b?
5
Let o(x) = -135*x - 339. What is the hundreds digit of o(-6)?
4
What is the tens digit of 2070/(-115)*((-387)/2 + 1)?
6
Let v(d) = d**3 + d + 1. Let q(w) = w**3 + 3*w**2 + 4*w + 6. Let y(z) = -q(z) + 5*v(z). Let s be y(3). Suppose 5*x = s - 8. What is the tens digit of x?
1
Suppose 59125 = -107*y + 132*y. What is the units digit of y?
5
Suppose -8*n = 1 - 33. Suppose -x = -2*u - 6*x - 28, -4*x - n = -3*u. What is the units digit of (-32)/u - (-2 - -2)?
8
Let h(q) = -12*q - 66*q**3 - 8*q**2 + 23 + 67*q**3 - 7*q**2. What is the tens digit of h(16)?
8
Let s be 2/(-3)*(-15 + 81). Let q = s + 108. What is the units digit of q?
4
Suppose 3*r + 0*r + 3*u - 3 = 0, -2*u + 2 = -r. Suppose r = -n - n + 140. What is the units digit of n?
0
Let v(c) = -c**2 + 8*c + 13. Let o be v(9). Suppose 0*i + o*i = 0. Suppose -2*g + i*g = -34. What is the tens digit of g?
1
Suppose -3*m - 15*m - 2952 = 0. What is the units digit of (m/(-14))/((-11)/(-77))?
2
Let q = -448 - -859. What is the tens digit of q?
1
Suppose 41 = t - 111. Let v = 289 - t. What is the hundreds digit of v?
1
Suppose 0 = 4*c - 6*c + 4. Let i be c/2 - -2 - -1. What is the units digit of 37/i - 3/12?
9
Let w(x) = -2*x + 3. Let q(u) be the first derivative of u**2/2 - 2*u + 1. Let o(y) = -3*q(y) - 2*w(y). What is the units digit of o(2)?
2
Suppose -2*z + 436 = 3*k, -10*k + 4*z - 6*z = -1472. What is the hundreds digit of k?
1
Let m(k) = k**2 + 